en 35 - 1*(0 - -1) is divided by 46 + -13 + -14 - (6 + 0).
8
Let l = -563 - -593. What is the remainder when 30 is divided by l?
0
Let b = 1 + 1. Let m = 856 + -853. Calculate the remainder when ((-3)/b)/(m/(-202)) is divided by 34.
33
Let h(y) = -y**3 + 7*y**2 + 2*y - 3. Let u be h(7). Let a be 332/u + (-6)/33. Suppose 0 = -4*k + a + 26. What is the remainder when 39 is divided by k?
11
Let g(w) = -w**2 + 12*w - 15. Calculate the remainder when 97 is divided by g(8).
12
Suppose 19*i - 24 = 18*i. Suppose -3*t + 20 = 2*t. Let w = i + t. What is the remainder when 110 is divided by w?
26
Let o = 575 + -62. Calculate the remainder when o is divided by 86.
83
Suppose 2*f - 31 - 25 = 0. Let r = f - 7. Suppose -5*l - r = o, -3*o = -0*l - 3*l - 27. Calculate the remainder when 10 is divided by o.
2
Suppose -c - 4*t + 30 = 0, 0 = 70*c - 69*c - 4*t + 2. What is the remainder when 83 is divided by c?
13
Let h = 24 - 2. What is the remainder when 81 is divided by h?
15
Let r = 160 + -85. What is the remainder when r is divided by 26?
23
Let d = 18 - 17. Let a = d + 2. Let r(q) = 2*q**3 - 4*q**2 - 2*q + 2. Calculate the remainder when 25 is divided by r(a).
11
Let w(f) be the first derivative of -f**3/3 - 7*f**2/2 + 10*f + 3. Let u = 4 - -2. What is the remainder when w(-7) is divided by u?
4
Let l(m) = 2*m**2 - 11*m + 1. What is the remainder when l(12) is divided by 21?
10
Let c(v) = 3*v**3 - 3*v**2 - 3*v + 4. Let x = -23 - -26. Calculate the remainder when 95 is divided by c(x).
46
Let x(v) = -v**3 - 8*v**2 - 9*v - 2. Suppose 2*y = 4*y - 46. What is the remainder when y is divided by x(-7)?
11
Let x = -645 - -1235. What is the remainder when x is divided by 11?
7
Let q(p) = -3*p**2 - 46*p - 8. Calculate the remainder when (-51)/(-2) + 2/4 is divided by q(-15).
5
Let z(b) be the third derivative of 5*b**5/12 - b**4/8 + b**3/2 - 33*b**2. What is the remainder when 198 is divided by z(1)?
23
Let o be 2/(-9) - 8644/(-18). Suppose o = 2*i + i. What is the remainder when 37 is divided by ((-3)/(-2))/(12/i)?
17
Suppose y = -2*y + 24. What is the remainder when 125 is divided by y?
5
Suppose 22 = 4*t + 6. Let b = -1007 - -1027. What is the remainder when b is divided by t?
0
Let l(x) = 3*x**3 - x**2 - x + 6. Calculate the remainder when 51 is divided by l(0).
3
What is the remainder when 18*((-546)/(-18) + 2) is divided by 15?
12
Let i = -92 - -141. Suppose -i = -h - 16. What is the remainder when h is divided by ((-2)/(-3))/(6/63)?
5
Suppose 26*f + 8*f - 1428 = 0. Suppose -2*d = 3*d - 110. What is the remainder when f is divided by d?
20
Suppose -311*u = -308*u - 102. Suppose -2*d - 1 = -21. Suppose c + d - 28 = 0. What is the remainder when u is divided by c?
16
Let q = 206 - 199. What is the remainder when 151 is divided by q?
4
Suppose -8*n - 42 = -11*n. Suppose 0 = -5*t + 2*k + 33, -2*t + 32 = 2*t - 3*k. Suppose -t*r + 29 - 9 = 0. Calculate the remainder when n is divided by r.
2
Let p(r) = 1 - 3 - 17 - 7*r - 36*r. Let k be p(-8). Calculate the remainder when 23 is divided by (-4)/(-6) + k/39.
5
Let y be 66/8 - 6/(-8). Calculate the remainder when (-22)/(-99) - (-241)/y is divided by 7.
6
Suppose 436 = -190*i + 194*i. Calculate the remainder when i is divided by 49.
11
Suppose 2*g - 5*c - 28 = -2, -6 = 3*c. Let u = -4 + g. Suppose u*d - 37 - 15 = 0. What is the remainder when 25 is divided by d?
12
Suppose -2*q - 21 = -4*c + 5, -c + 2*q = -11. Suppose 0 = f + 5*z - 67, -223 = -c*f - z + 4*z. What is the remainder when f is divided by 4?
3
Suppose -5*f - 9 - 6 = -5*s, 5*f - s + 31 = 0. What is the remainder when 4/f + (-221)/(-7) is divided by 18?
13
Let g = 4025 + -2939. Calculate the remainder when g is divided by 64.
62
Let k(n) = 4*n + 13. Calculate the remainder when 22 is divided by k(0).
9
Calculate the remainder when 220 is divided by 12 + (-1 - (-1)/2*4).
12
Let q be (4/((-4)/15))/(27/(-18)). Suppose -5*r - 3*k = -0*k + 16, 3*r + 3 = -4*k. Let d = q + r. Calculate the remainder when d is divided by 3.
2
Let g = 133 + 493. Calculate the remainder when g is divided by 33.
32
Let m = 2 + 6. Suppose -a = -m - 26. Let y = -21 + a. What is the remainder when 51 is divided by y?
12
Suppose 2*y - 4*k - 16 = 0, 5*y - 2*k - 42 + 2 = 0. Let t = y - 5. Let q(s) = s**3 + 4*s**2 - 15*s - 15. Calculate the remainder when q(-6) is divided by t.
0
Suppose 0 = -3*d + 2*o + 2689, -4*d + 3616 = 5*o - 0*o. Calculate the remainder when d is divided by 30.
29
Suppose 0 = -4*k + 20 + 28. Suppose -4*t + 4*p + 32 = 4, -7 = -t - 2*p. What is the remainder when k is divided by t?
5
Suppose -2*j - 90 = -2*q, -5*j - 6 + 1 = 0. Let d = 105 - q. Calculate the remainder when d is divided by ((-84)/10)/(-3*14/105).
19
Let z = 2 + -2. Let b(y) = 20*y - 28. Let u be b(7). Suppose 3*w - u - 101 = m, z = m. What is the remainder when w is divided by 18?
17
Let f(i) be the third derivative of 1/12*i**4 + 0 - 4*i**2 + 0*i + 2*i**3. What is the remainder when 58 is divided by f(9)?
28
Suppose 5*o - 26 = 4*o. What is the remainder when 16/3 + -6 + (-280)/(-6) is divided by o?
20
Suppose -170 = 5*y - 15*y. Calculate the remainder when 98 is divided by y.
13
Let y(k) = -k**3 + 14*k**2 + 17*k - 14. Let r be y(15). Let x be 0 + (3 - 2) - 1. Suppose 3*h - 29 - r = x. Calculate the remainder when h is divided by 6.
3
Let y = -1789 - -1895. What is the remainder when 209 is divided by y?
103
Suppose w + 2*k + 10 = 36, 0 = 4*k - 16. Suppose 0 = 2*p + 3*p + 140. Let h = w - p. Calculate the remainder when h is divided by 12.
10
Suppose 7*w = 101 + 60. Calculate the remainder when 2/(-4 + 2)*(0 - w) is divided by ((-18)/(-8))/(6/16).
5
Let f = 38 + -18. Let y(i) = -2*i - 12. Let m(l) = 5*l + 24. Let k(c) = 3*m(c) + 5*y(c). What is the remainder when k(9) is divided by f?
17
Suppose 212 = 4*h - 4*o, h + 3*h + 3*o = 198. What is the remainder when 104 is divided by h?
2
Let g be ((-316)/3)/(1/((-3)/2)). Suppose -8*h - 6 = -g. Calculate the remainder when h is divided by 6.
1
Let b be -1 - (-1)/(2/8). Suppose -3*u = -4*v - 131 + 27, -5*u = b*v - 125. Calculate the remainder when u is divided by 10.
8
Suppose 0 = -71*z + 82*z - 55. Suppose -2*p + 447 = 3*o + 67, -p = -o - 195. Suppose 2 = z*u - p. What is the remainder when u is divided by 10?
9
Let r(m) = 6*m + 5. Suppose -5*h + 5*u - 19 = 4*u, -3*h - 4*u = -7. Let k be r(h). Let y = k + 18. What is the remainder when y is divided by 2?
1
Suppose -3*z - 4*g = -218, g + 2*g = 3*z - 204. Calculate the remainder when 406 is divided by z.
56
Let y = 1 + 1. Let q be y - ((-1 - -1) + 107). Let j = q + 150. What is the remainder when j is divided by 12?
9
Let t(k) be the first derivative of 3*k**2/2 + 59*k - 30. What is the remainder when 24 is divided by t(-19)?
0
Let j(b) = b**3 + 27*b**2 + 28*b + 131. Calculate the remainder when j(-26) is divided by 23.
10
Let g(j) = 12*j - 4*j**2 - 6 + 0 - 3*j**2 + 6*j**2. What is the remainder when g(7) is divided by 15?
14
Suppose -7*m = -292 - 16. Let o(n) = n**2 + 5*n + 1. Let x(q) = 2*q + 1. Let a be x(-4). Calculate the remainder when m is divided by o(a).
14
Suppose -26 - 8 = -17*y. Calculate the remainder when 9 is divided by y.
1
Suppose -65*z - 3*h = -67*z + 1162, 0 = 3*h. Calculate the remainder when z is divided by 73.
70
Let g(k) = 3*k**2 - 42*k - 64. What is the remainder when 124 is divided by g(16)?
28
Suppose 3*n = 2*n + 7. What is the remainder when (-7 + 55)*32/48 is divided by n?
4
Suppose o - 1 - 29 = 0. Let y be (-1)/(15/6)*-95. Let w = y + 50. Calculate the remainder when w is divided by o.
28
Calculate the remainder when 25 is divided by 1 + 1 + -7 + (12 - -2).
7
Let t(d) = -34*d - 891. Let w(b) = -4*b + 4. What is the remainder when t(-29) is divided by w(-3)?
15
Let n be (0/3)/(-4) - -8. Suppose 2*l - 3*l + 2*j + n = 0, 4*l + 2*j = 22. Suppose -25 = -y - l. Calculate the remainder when 73 is divided by y.
16
Suppose -2*k = 4*l - 10, -2*l = -2*k + 19 + 3. Calculate the remainder when 75 is divided by k.
3
Suppose -30 = -m + 71. What is the remainder when m is divided by 51?
50
Let u = 1410 - 1399. What is the remainder when 351 is divided by u?
10
Let n(l) = -2*l + 24. Let g be n(11). Let z(r) = 9*r - 2. Calculate the remainder when z(g) is divided by 10.
6
Let q(b) = -21*b**3 + 8*b**2 + 8*